culate n(x).
-6
Let s(y) = -13*y - 12. Let i(q) = -q - 1. Let v(d) = 22*i(d) - 2*s(d). Suppose -2*u = -f, 9*f + 5*u - 15 = 4*f. What is v(f)?
10
Let d(r) = 2*r**2 - 3*r - 3. Let j be d(3). Suppose -t + 30 = -j*t. Let k(z) = -z**2 - 6*z + 7. What is k(t)?
7
Let i(m) = -m**3 - 8*m**2 - 5*m + 10. Let h be i(-7). Let f(q) = q**2 + 4*q + 5. Let l be f(h). Suppose -16 = l*t - 1. Let g(r) = -r**2 - 2*r + 2. Give g(t).
-1
Let d(t) = -6*t - 1. Let w be d(-1). Suppose 5*f = -w*b + f - 12, 5*b + 22 = f. Let y(z) = -8*z - 1. Let p(l) = 3*l + 1. Let s(j) = 11*p(j) + 4*y(j). Give s(b).
3
Let c(b) = 3*b**3 + 0*b**3 - 4*b**3 + 7*b + 2*b**3 - 5 + 8*b**2. Calculate c(-7).
-5
Let x(o) = -3 - o**3 + 0 + 6*o**2 - 3*o**2. Let m(r) = -3*r - 6. Let g be m(-4). Let v be g/(-4)*(-14)/7. Give x(v).
-3
Let y(u) = 4*u**3 - 1. Let b(z) = -z**3 - z**2 + z + 1. Let v(n) = -b(n) - y(n). Calculate v(1).
-3
Let u(y) = 3*y - 7 + 1 + 0*y. Suppose 0 = 4*r - q - 18, -q - 12 = -2*r - 2. Give u(r).
6
Let i(q) = 7*q**3 + 7*q**2 - 3*q - 9. Let l(n) = 8 - 11 + 3*n**3 - n + 3*n**2 - 1. Let s(v) = 2*i(v) - 5*l(v). Calculate s(0).
2
Let o(y) be the first derivative of -y**2/2 + 3*y - 23. What is o(-4)?
7
Let m(g) be the first derivative of 1/4*g**4 - 2 + 5/2*g**2 - 5/3*g**3 - 4*g. What is m(3)?
-7
Let j(d) = -d**2 + 9*d - 3. Let m be j(9). Let f(x) be the second derivative of x**5/20 + x**4/3 + 5*x**3/6 + 3*x**2/2 + 3*x. Determine f(m).
-3
Let k be 10/(-6)*9/3. Let r(w) = -5*w**3 + 10*w**2 - 5*w - 3. Let s(v) = -v**3 + v**2. Let l = -6 + 7. Let g(o) = l*r(o) - 6*s(o). What is g(k)?
-3
Let s(u) = -u**2 - u - 1. Let g(f) = -f - 1. Let k(p) = -g(p) + 2*s(p). Give k(-1).
-2
Let d(m) = m**2 - 6*m + 6. Let i(s) be the second derivative of -s - 1/12*s**4 - 2*s**2 - s**3 + 0. Let r be i(-4). What is d(r)?
-2
Let q(f) = -1 + f - 1 + 3. Let r be (-2)/(-2) + (-16 - -10). Give q(r).
-4
Let z(c) = -19*c + 4. Let b(m) = -19*m + 3. Let t(r) = -3*b(r) + 2*z(r). What is t(1)?
18
Let d(q) be the second derivative of q**4/24 + 7*q**3/6 - 5*q**2/2 - 6*q. Let g(r) be the first derivative of d(r). What is g(-7)?
0
Let g(d) = d**3 - 6*d**2 + 6*d - 3. Let i be g(5). Let w(r) = 2 + i*r**2 + r + r**2 - 2. Give w(1).
4
Let b(m) = -m**2 - 9*m - 2. Let n(i) = -2*i**2 - 17*i - 3. Let q(j) = 5*b(j) - 3*n(j). Calculate q(-4).
-9
Let z(k) = -k**2 + 2*k - 4. Suppose 3*a - 5 = r, -4*a = 6*r - r - 32. What is z(a)?
-7
Let f(g) = 5*g**2 - 2*g - 1. Suppose -3*m = h, -4*h = h - m - 32. Let i = 5 - h. What is f(i)?
6
Let d = 8 - 4. Suppose i = -d*i. Let k(j) = -j**3 - j**2. Let w(g) = -4*g**3 - 4*g**2 - 1. Let q(t) = 3*k(t) - w(t). Give q(i).
1
Let r(u) be the second derivative of -u**8/6720 - u**7/2520 - u**5/15 + u**4/4 - 3*u. Let t(w) be the third derivative of r(w). Determine t(0).
-8
Suppose 0 = 5*d - 5, -d = -5*x - 6*d - 15. Let y(t) = 2*t**3 + 8*t**2 + 7*t + 13. Let w(a) = a**3 + 4*a**2 + 3*a + 6. Let l(h) = 7*w(h) - 3*y(h). What is l(x)?
3
Let r = 10 + -6. Suppose 0 = 4*g + 4*j, 4 = 3*g + 3*j - r*j. Let w(q) = 3 - 4 - 3*q + 2*q. Give w(g).
-2
Suppose -5*g + 2*g = -9. Suppose g*k = -25 - 23. Let i be ((-2)/8)/(2/k). Let x(j) = 3*j**2 - 1. What is x(i)?
11
Let i = -9 - -25. Let f be (2/4)/(8/i). Let g(w) = -f - 2*w + w - w + 0*w. What is g(2)?
-5
Suppose -5*v - 3*w + 12 + 24 = 0, -3*v - w = -20. Suppose -v = -2*d, 2*d + 0*d = 2*o. Let s = o - -1. Let n(z) = z**3 - 5*z**2 + 6*z - 4. What is n(s)?
4
Let v(i) = 4*i + 2. Let d(o) = 2*o + 1. Let h(y) = -5*d(y) + 2*v(y). Let p(n) = -n + 12. Let w be p(10). Suppose -w = -s - 4. Determine h(s).
3
Let m(r) be the second derivative of -r**3/6 - r**2/2 - r. Let v(y) = 2*y + 2. Let q(x) = -9*m(x) - 4*v(x). Let g be -3 - 0 - (-3 + 21)/(-6). Determine q(g).
1
Let s be -1 - -2 - (-2 + -1). Let k = s + -2. Let g(h) = k*h - 4*h + 6*h + 3. What is g(-2)?
-5
Let s(v) = -v**3 + 3*v**2 + 6*v - 4. Let w be s(4). Suppose 10 = y + w*y. Suppose 0 = z + y + 2. Let i(f) = f**3 + 3*f**2 - 4*f - 5. Give i(z).
-5
Let g(c) = -c**3 + 4*c**2 - 2*c - 3. Let d be g(3). Let l(w) = w - 2*w - 8 + 2*w + d*w. Give l(5).
-3
Let k(w) = w + 1. Let q(c) = c**3 + 8*c**2 - 3*c - 20. Let g be q(-8). Determine k(g).
5
Let p(w) be the first derivative of 2*w**3/3 - 7*w**2/2 - 2*w + 17. Determine p(5).
13
Let y(w) = -7*w**2 - 1. Let k = 1 - -1. Suppose -4*d + 2*s + k = 5*s, -2*d - 2*s = -2. Calculate y(d).
-8
Suppose 0 = 5*w - 14 + 4. Let r = w - 0. Let n(v) = 2*v + r + 1 - 1. Determine n(-3).
-4
Suppose -10 = -4*v - 2*c + 4*c, 4*v + 3*c = -5. Let j(r) = 2*r**2 + r - 1. Let m(u) = -2*u**2 - u + 1. Let i(b) = 6*j(b) + 7*m(b). Give i(v).
-2
Let n(p) = -p**3 - 4*p**2 + 5*p - 4. Let h be n(-5). Let x(g) = 2 - 6*g - 8 + 3 - g**2. Calculate x(h).
5
Let h(n) = n**3 + 6*n**2 + 6*n + 1. Let j = -3 + 7. Let c be (15/6)/((-2)/j). Give h(c).
-4
Suppose 4 = -8*l - 4. Let q(i) = i**2 + 2*i + 1. Determine q(l).
0
Suppose -w = -2*w - 3, -3*a + 24 = -4*w. Suppose -4*n + a = -6*n. Let m(h) = h**2 + 2. What is m(n)?
6
Let z(h) be the third derivative of h**6/120 - h**5/12 - 5*h**4/24 + 15*h**2. What is z(6)?
6
Let k(x) = x**3 + 4*x**2 + 7*x + 4. Let s be k(-4). Let w = s - -21. Let y(j) = j**2 + j - 4. Determine y(w).
2
Suppose 3*n + 4 = n. Let b(m) = m**2 - 2*m - 2. Give b(n).
6
Let i(f) = -f**2 + 9*f + 9. Let o be i(10). Let l(m) = -11*m**3 - m - 1. Determine l(o).
11
Let c = 57 + -58. Let p(n) = -5*n + 1. Give p(c).
6
Let v be ((-2)/(-8))/(3/12). Let r(p) = 2*p - v + 4 - p. Determine r(-5).
-2
Let f(w) = -w**3 + 8*w**2 + 7*w + 13. Let v be f(9). Let c(a) = -a**3 - 5*a**2 + 3. Calculate c(v).
3
Suppose 4*x - 1 + 3 = 2*o, -o + 5 = 0. Let i be x/(-8) - 34/(-8). Let g(h) = 0*h - h + i*h + 1. What is g(-2)?
-5
Let g(v) = v**2 + 4*v + 6. Let m = -25 + 18. Let l = m - -3. Calculate g(l).
6
Let a(w) = -2*w + 1. Suppose 24 = 2*z + 4*n - 0*n, 3*z - n - 1 = 0. Suppose z*d = 14 - 10. What is a(d)?
-3
Let x(u) be the first derivative of 5*u**2/2 - 3*u - 10. Determine x(3).
12
Let c(m) = -m**2 - m - 1. Let h(d) be the third derivative of d**5/30 + d**4/24 + d**3/6 + 4*d**2. Let y(k) = c(k) + h(k). What is y(0)?
0
Let j(p) = -9*p - 31 - 10 - 3 + 7. Let s(x) = -3*x - 12. Let l(n) = 3*j(n) - 8*s(n). Let w(c) = -2*c - 8. Let i(g) = -4*l(g) + 7*w(g). Determine i(3).
-2
Let l(u) = 8*u**2 + u. Let a be -1 + 2 + 0 - 0. Suppose -2*r + 3 = a. Give l(r).
9
Suppose -5*m - s = 15, 5*s - 4 + 29 = 0. Let w(j) = -2*j - 2*j**2 + j**3 + 1 + j**2 + 0*j. Determine w(m).
-7
Let b(g) = -g**3 - 4*g**2 + 2*g + 4. Let n be b(-4). Let v(s) = -s**3 - 3*s**2 + 6*s + 2. Give v(n).
-6
Let j be 3*(1 + 6/(-9)). Let l(a) = 4 + 0*a - 3 - a + 0*a. Determine l(j).
0
Let d(f) = f**2 - f - 6. Let z = 65 - 60. Give d(z).
14
Suppose 5*z = 3*b - 12, 3*z + 18 = 3*b - 0*b. Let j(d) = -3*d + 14 - 5*d**2 - d**3 + 3*d - b. Give j(-5).
5
Let v = 12 + -9. Let p be (-7 + v)*(-2)/4. Let o(m) = 3*m - 3. Determine o(p).
3
Let n(l) = -2*l - 2. Let j(z) = -3*z - 3. Let b(m) = -5*j(m) + 6*n(m). Let f = 6 - 8. Let t(x) = -x - 1. Let g(d) = f*t(d) - b(d). Give g(-4).
3
Let d(i) = -i**2 + 6*i + 6. Suppose 0 = 2*b - 17 + 3. Calculate d(b).
-1
Let i(u) = -u**3 - 16. Suppose -d = 3*j - 6, -2*d = -7*d + 2*j - 4. Give i(d).
-16
Let v(q) = q**3 + 6*q**2 - q. Let r be v(-6). Let n(z) = z + 6. Let j be n(-9). Let m = j + r. Let t(b) = -b**3 + 3*b**2 + 3*b - 3. Determine t(m).
6
Let u(s) = 4*s**3 + s**2 - s + 1. Let m be -4 + 1*(12 + -4). Suppose 5*y = 1 + m. What is u(y)?
5
Let a(v) = -2*v + 2. Suppose 4*x = 2*x - 10. Give a(x).
12
Let i = -7 - -7. Suppose i = -3*l + 7 + 11. Let f(a) = -a + 1. Let b(z) = z - 1. Let r(t) = l*b(t) + 7*f(t). Calculate r(2).
-1
Let l(w) = -w**2 - 5*w + 14. Let o be l(-7). Let r(g) = -g**2 + g + 2. Give r(o).
2
Let v(g) be the first derivative of -g + 4 - g**2 - 1/4*g**4 - 1/3*g**3. Let p = -2 + 1. Determine v(p).
1
Let t(a) be the first derivative of a**4/4 + 5*a**3/3 - a**2/2 + 6*a - 34. Give t(-5).
11
Let i(u) = -u - 1. Suppose 0 = -3*f + 2*m + 13, 3*m = -4*f + 6*m + 17. Determine i(f).
-6
Suppose i - 4*a = 2*i - 13, 5*i + a = -11. Let w(z) = -z**2 - 4*z - 2. Calculate w(i).
1
Let f(o) = -9*o + 11*o - 3 - 9*o - 2. Give f(-4).
23
Let g = 75 + -84. Let l(j) = j**2 + 9*j + 11. What is l(g)?
11
Suppose 0 = -0*m - 5*m. Suppose m = -4*j + j - 18. Let u be 20/j - (-3)/9. Let p(r) = -2*r